osite?
False
Is 691989621 prime?
False
Is 70987243 a composite number?
False
Is 46606169 prime?
False
Is 5389763 a prime number?
True
Is 4375577 composite?
False
Is 25403281 composite?
False
Is 59126257 a composite number?
False
Is 140933761 composite?
False
Is 4790273 composite?
False
Is 8553235 prime?
False
Is 831340481 a prime number?
True
Is 283002311 prime?
False
Is 1402829 composite?
False
Is 45270581 composite?
False
Is 205612139 a composite number?
False
Is 3683597 a prime number?
True
Is 3518447 a composite number?
False
Is 82090538 a prime number?
False
Is 2365829 a prime number?
True
Is 38014111 composite?
False
Is 11283009 a composite number?
True
Is 1076609 composite?
True
Is 49413059 composite?
False
Is 1206287 a composite number?
True
Is 19402607 composite?
True
Is 6180457 composite?
True
Is 1112521 prime?
False
Is 1527931 prime?
True
Is 585839 composite?
False
Is 2710094 a composite number?
True
Is 98552071 a composite number?
True
Is 90766243 a prime number?
True
Is 62224001 a composite number?
True
Is 3120703 a prime number?
True
Is 1158307 prime?
True
Is 2944693 a prime number?
True
Is 149821277 composite?
True
Is 1385672111 prime?
True
Is 103932635 a prime number?
False
Is 31480513 composite?
True
Is 29893079 composite?
True
Is 398303 a composite number?
False
Is 174710009 prime?
True
Is 1973407 prime?
True
Is 2388899 prime?
True
Is 1058303 a composite number?
False
Is 7025467 composite?
False
Is 120348227 a composite number?
False
Is 871609 prime?
False
Is 91998239 composite?
True
Is 768302993 a composite number?
False
Is 240246803 a prime number?
True
Is 579092939 a prime number?
True
Is 16871 a composite number?
False
Is 648084907 composite?
False
Is 243729887 a prime number?
True
Is 24067513 a composite number?
False
Is 18417587 prime?
True
Is 72988547 prime?
False
Is 4657069 a prime number?
False
Is 6224602 a prime number?
False
Is 735895 a composite number?
True
Is 30742387 a prime number?
False
Is 18684511 composite?
False
Is 19312643 a composite number?
True
Is 2422573 prime?
False
Is 16234445 composite?
True
Is 77994263 a prime number?
True
Is 172798393 a prime number?
True
Is 220659973 a prime number?
True
Is 38197 prime?
True
Is 78438183 composite?
True
Is 91145303 composite?
True
Is 26818933 a composite number?
True
Is 2497589 prime?
False
Is 904175869 composite?
False
Is 178306207 composite?
False
Is 36752047 a composite number?
False
Is 14734567 a composite number?
False
Is 224278997 composite?
False
Is 743471 prime?
False
Is 16323271 a composite number?
True
Is 117341863 a prime number?
True
Is 5378143 composite?
False
Is 2634607 a prime number?
True
Is 41329237 a prime number?
False
Is 213099617 a composite number?
True
Is 57199507 a prime number?
True
Is 4942127 prime?
False
Is 121432673 a prime number?
False
Is 3035689 a prime number?
False
Is 922399 prime?
False
Is 3983813 a composite number?
True
Is 13051637 a prime number?
True
Is 12878171 a composite number?
False
Is 13099421 composite?
False
Is 4438639 a prime number?
True
Is 2977277 prime?
False
Is 4388383 a prime number?
False
Is 7996463 a prime number?
True
Is 137028118 composite?
True
Is 12452951 a composite number?
True
Is 47478293 composite?
True
Is 7298479 a prime number?
True
Is 576675611 a prime number?
True
Is 2514917 prime?
True
Is 82541315 a prime number?
False
Is 37875461 a composite number?
True
Is 1730969 composite?
True
Is 9521497 a composite number?
False
Is 19838103 a composite number?
True
Is 16039253 a composite number?
False
Is 10319501 composite?
False
Is 7986547 prime?
False
Is 1418731 composite?
True
Is 62648783 composite?
False
Is 34426373 composite?
False
Is 232336189 a prime number?
True
Is 180803741 a prime number?
True
Is 18107885 a composite number?
True
Is 12127703 a prime number?
False
Is 5336447 composite?
False
Is 83740637 composite?
True
Is 188897119 prime?
False
Is 43780917 composite?
True
Is 20698421 a prime number?
False
Is 1834679879 composite?
False
Is 364230467 prime?
True
Is 93285737 a prime number?
False
Is 118217389 a prime number?
False
Is 237228809 a composite number?
False
Is 3317869 prime?
True
Is 35962469 prime?
True
Is 834655 a composite number?
True
Is 124143323 a composite number?
True
Is 22858099 a prime number?
False
Is 16833067 a composite number?
False
Is 260832971 prime?
False
Is 287129 composite?
True
Is 6688267 a composite number?
False
Is 47442019 a composite number?
True
Is 3028423 prime?
True
Is 9511261 a composite number?
False
Is 1016731 a prime number?
True
Is 558325321 a prime number?
True
Is 1364569 prime?
True
Is 19559087 prime?
True
Is 9846061 a prime number?
True
Is 153334607 a prime number?
True
Is 4887197 a prime number?
False
Is 125354011 composite?
False
Is 186790787 prime?
False
Is 63071687 composite?
True
Is 3189961 composite?
False
Is 23082659 a prime number?
True
Is 89581 prime?
False
Is 10640447 a prime number?
False
Is 33330939 composite?
True
Is 3003619 a composite number?
True
Is 113241741 a prime number?
False
Is 30386663 composite?
True
Is 13559185 prime?
False
Is 20644367 prime?
True
Is 206848237 composite?
False
Is 2367809 a prime number?
True
Is 56344703 composite?
False
Is 2899349 prime?
True
Is 9465337 composite?
True
Is 8208037 a prime number?
True
Is 47630083 a prime number?
True
Is 71536967 a composite number?
False
Is 341210917 composite?
True
Is 5452901 a composite number?
True
Is 4326697 prime?
True
Is 1481245 a composite number?
True
Is 8685847 a composite number?
False
Is 87989183 a composite number?
True
Is 1815647 a composite number?
False
Is 1022939 a composite number?
True
Is 7673915 a composite number?
True
Is 218167 a prime number?
False
Is 6588251 prime?
True
Is 4756189 a prime number?
False
Is 75719463 a composite number?
True
Is 1582381 prime?
True
Is 557564377 a composite number?
True
Is 46205737 a prime number?
True
Is 216457 a composite number?
True
Is 563987 a composite number?
False
Is 25362433 a composite number?
True
Is 431555 prime?
False
Is 119379237 a prime number?
False
Is 1838541 prime?
False
Is 52688651 a prime number?
True
Is 2477213 a composite number?
False
Is 40662263 prime?
False
Is 612791 a prime number?
True
Is 129892729 a composite number?
True
Is 61045171 composite?
True
Is 159333677 prime?
False
Is 10675865 a composite number?
True
Is 737657 a prime number?
True
Is 2879935 prime?
False
Is 3949153 composite?
True
Is 176796373 a prime number?
False
Is 1885649 a composite number?
False
Is 367112341 a prime number?
True
Is 165679889 composite?
True
Is 109020011 prime?
True
Is 2673431 a prime number?
True
Is 1443863 composite?
True
Is 1159514 prime?
False
Is 112639493 composite?
True
Is 1366979 composite?
False
Is 2304179 prime?
True
Is 90137899 composite?
True
Is 28059571 a prime number?
False
Is 125798819 prime?
False
Is 7948529 a prime number?
True
Is 48478993 a composite number?
False
Is 53471767 a composite number?
False
Is 2658049 a prime number?
True
Is 3675937 prime?
False
Is 71023781 a composite number?
True
Is 1754297 composite?
True
Is 3723211 a composite number?
False
Is 10636061 prime?
True
Is 2878229 a prime number?
True
Is 2274329 prime?
True
Is 3413639 a prime number?
True
Is 6022271 a composite number?
False
Is 62092447 a composite number?
True
Is 29427245 a prime number?
False
Is 107411791 a prime number?
False
Is 195056942 a composite number?
True
Is 80379629 a composite number?
True
Is 534487 prime?
False
Is 140287829 prime?
False
Is 2675801 composite?
True
Is 11379671 a composite number?
False
Is 1623143 composite?
True
Is 238168955 composite?
True
Is 551960687 a composite number?
False
Is 9441491 a composite number?
False
Is 3474622 a prime number?
False
Is 3911807 a prime number?
True
Is 10436441 a composite number?
False
Is 74183339 a composite number?
True
Is 329327107 a composite number?
True
Is 2899417 a composite number?
False
Is 225361271 a prime number?
True
Is 246439 composite?
False
Is 22236041 prime?
True
Is 27148749 prime?
False
Is 198449 a prime number?
False
Is 39790657 a prime number?
True
Is 11219563 prime?
False
Is 2185259 prime?
False
Is 1869797 composite?
True
Is 6885926 a composite number?
True
Is 3963241 composite?
False
Is 150539023 a prime number?
True
Is 78117694 a prime number?
